{"id":102,"date":"2022-10-29T20:53:17","date_gmt":"2022-10-29T18:53:17","guid":{"rendered":"https:\/\/beckroege.org\/?page_id=102"},"modified":"2022-11-17T13:17:25","modified_gmt":"2022-11-17T12:17:25","slug":"phots","status":"publish","type":"page","link":"https:\/\/beckroege.org\/index.php\/phots\/","title":{"rendered":"Fotos"},"content":{"rendered":"\n<p> <\/p>\n\n\n\n<p>Wenn ihr sch\u00f6ne Bilder mit eurem Handy aufgenommen habt, und uns diese zuschicken m\u00f6chtet, ladet sie unten hoch. Whatsapp verschlechtert die Qualit\u00e4t leider so sehr, dass wir die Bilder dann z.B. nicht ausdrucken k\u00f6nnen.<\/p>\n\n\n\n<p><a rel=\"noreferrer noopener\" href=\"https:\/\/incomode.de\/nextcloud\/index.php\/s\/sGHqAHso8XSWBJ6\" target=\"_blank\">Upload<\/a><\/p>\n","protected":false},"excerpt":{"rendered":"<p>Wenn ihr sch\u00f6ne Bilder mit eurem Handy aufgenommen habt, und uns diese zuschicken m\u00f6chtet, ladet sie unten hoch. Whatsapp verschlechtert die Qualit\u00e4t leider so sehr, dass wir die Bilder dann z.B. nicht ausdrucken k\u00f6nnen. Upload<\/p>\n","protected":false},"author":1,"featured_media":0,"parent":0,"menu_order":0,"comment_status":"closed","ping_status":"closed","template":"","meta":{"footnotes":""},"class_list":["post-102","page","type-page","status-publish","hentry"],"jetpack_sharing_enabled":true,"_links":{"self":[{"href":"https:\/\/beckroege.org\/index.php\/wp-json\/wp\/v2\/pages\/102","targetHints":{"allow":["GET"]}}],"collection":[{"href":"https:\/\/beckroege.org\/index.php\/wp-json\/wp\/v2\/pages"}],"about":[{"href":"https:\/\/beckroege.org\/index.php\/wp-json\/wp\/v2\/types\/page"}],"author":[{"embeddable":true,"href":"https:\/\/beckroege.org\/index.php\/wp-json\/wp\/v2\/users\/1"}],"replies":[{"embeddable":true,"href":"https:\/\/beckroege.org\/index.php\/wp-json\/wp\/v2\/comments?post=102"}],"version-history":[{"count":34,"href":"https:\/\/beckroege.org\/index.php\/wp-json\/wp\/v2\/pages\/102\/revisions"}],"predecessor-version":[{"id":234,"href":"https:\/\/beckroege.org\/index.php\/wp-json\/wp\/v2\/pages\/102\/revisions\/234"}],"wp:attachment":[{"href":"https:\/\/beckroege.org\/index.php\/wp-json\/wp\/v2\/media?parent=102"}],"curies":[{"name":"wp","href":"https:\/\/api.w.org\/{rel}","templated":true}]}}